{"id":10,"date":"2026-02-17T14:05:14","date_gmt":"2026-02-17T14:05:14","guid":{"rendered":"https:\/\/eager-lavender-albatross.xn--frkwebbureau-6cb.dk\/?page_id=10"},"modified":"2026-03-19T15:50:44","modified_gmt":"2026-03-19T15:50:44","slug":"om-mig","status":"publish","type":"page","link":"https:\/\/eager-lavender-albatross.xn--frkwebbureau-6cb.dk\/index.php\/om-mig\/","title":{"rendered":"Om mig"},"content":{"rendered":"<div class=\"et_pb_section_0 et_pb_section et_section_regular et_block_section preset--module--divi-section--default\">\n<div class=\"et_pb_row_0 et_pb_row et_block_row\">\n<div class=\"et_pb_column_0 et_pb_column et_pb_column_4_4 et-last-child et_block_column et_pb_css_mix_blend_mode_passthrough\">\n<div class=\"et_pb_heading_0 et_pb_heading et_pb_module et_flex_module preset--module--divi-heading--default\"><div class=\"et_pb_heading_container\"><h2 class=\"et_pb_module_header\">Om mig<\/h2><\/div><\/div>\n\n<div class=\"et_pb_text_0 et_pb_text et_pb_bg_layout_light et_pb_module et_flex_module\"><div class=\"et_pb_text_inner\"><p>Som din f\u00f8dselsterapeut tilbyder jeg omsorgsfuld st\u00f8tte f\u00f8r, under og efter f\u00f8dslen i \u00d8stjylland og Nordjylland. Jeg arbejder med b\u00e5de krop og sind for at skabe ro, tryghed og balance i en af livets mest skels\u00e6ttende overgange. Hos mig bliver du m\u00f8dt med n\u00e6rv\u00e6r \u2013 pr\u00e6cis der, hvor du er.<\/p>\n<\/div><\/div>\n\n<div class=\"et_pb_module et_pb_button_module_wrapper et_pb_button_0_wrapper preset--module--divi-button--8c93e6c9-23ae-4ce7-a77a-47f87237d65e_wrapper\"><a class=\"et_pb_button_0 et_pb_button et_pb_bg_layout_light et_pb_module et_block_module preset--module--divi-button--8c93e6c9-23ae-4ce7-a77a-47f87237d65e\" href=\"\" data-icon=\"$\" data-interaction-trigger=\"5tyv2yo6zp\">Book en aftale<\/a><\/div>\n<\/div>\n<\/div>\n<\/div>\n\n<div class=\"et_pb_section_1 et_pb_section et_section_regular et_block_section preset--module--divi-section--default\">\n<div class=\"et_pb_row_1 et_pb_row et_flex_row\">\n<div class=\"et_pb_column_1 et_pb_column et_flex_column et_pb_css_mix_blend_mode_passthrough et_flex_column_12_24 et_flex_column_12_24_tablet et_flex_column_24_24_phone\">\n<div class=\"et_pb_image_0 et_pb_image et_pb_module et_flex_module\"><span class=\"et_pb_image_wrap\"><img loading=\"lazy\" decoding=\"async\" src=\"https:\/\/eager-lavender-albatross.xn--frkwebbureau-6cb.dk\/wp-content\/uploads\/2026\/02\/Blob-transparent.png\" title=\"Blob transparent\" width=\"643\" height=\"643\" srcset=\"https:\/\/eager-lavender-albatross.xn--frkwebbureau-6cb.dk\/wp-content\/uploads\/2026\/02\/Blob-transparent.png 643w, https:\/\/eager-lavender-albatross.xn--frkwebbureau-6cb.dk\/wp-content\/uploads\/2026\/02\/Blob-transparent-480x480.png 480w\" sizes=\"(min-width: 0px) and (max-width: 480px) 480px, (min-width: 481px) 643px, 100vw\" class=\"wp-image-384\" \/><\/span><\/div>\n<\/div>\n\n<div class=\"et_pb_column_2 et_pb_column et-last-child et_flex_column et_pb_css_mix_blend_mode_passthrough et_flex_column_12_24 et_flex_column_12_24_tablet et_flex_column_24_24_phone\">\n<div class=\"et_pb_text_1 et_pb_text et_pb_bg_layout_light et_pb_module et_flex_module\"><div class=\"et_pb_text_inner\"><h2 data-path-to-node=\"22\">Jeg hedder Sarah, og jeg er f\u00f8dselsterapeut<\/h2>\n<p data-path-to-node=\"12\">Jeg hedder Sarah, og det er mig, der driver F\u00f8dselsterapeuten i Randers. Min vej ind i arbejdet som f\u00f8dselsterapeut begyndte med mine egne oplevelser som mor \u2013 en rejse fyldt med b\u00e5de styrke og s\u00e5rbarhed. Det v\u00e6kkede et dybt \u00f8nske i mig om at st\u00f8tte andre kvinder i deres overgang til moderskabet.<\/p>\n<p data-path-to-node=\"13\">Jeg tror p\u00e5, at kroppen husker, og at vi kan skabe dyb forandring, n\u00e5r vi bliver m\u00f8dt med ro, respekt og n\u00e6rv\u00e6r. En god f\u00f8dselsoplevelse handler ikke om at v\u00e6re god eller d\u00e5rlig til at f\u00f8de, men om hvordan du er forberedt, b\u00e5de fysisk og mentalt. Som f\u00f8dselsterapeut arbejder jeg holistisk og tilpasser hver behandling til dine unikke behov, s\u00e5 du kan f\u00f8le dig selvsikker og forbundet med din egen krop.<\/p>\n<\/div><\/div>\n\n<div class=\"et_pb_module et_pb_button_module_wrapper et_pb_button_1_wrapper preset--module--divi-button--8c93e6c9-23ae-4ce7-a77a-47f87237d65e_wrapper\"><a class=\"et_pb_button_1 et_pb_button et_pb_bg_layout_light et_pb_module et_block_module preset--module--divi-button--8c93e6c9-23ae-4ce7-a77a-47f87237d65e\" href=\"\" data-icon=\"$\" data-interaction-trigger=\"5tyv2yo6zp\">Book en aftale<\/a><\/div>\n<\/div>\n<\/div>\n<\/div>\n\n<div class=\"et_pb_section_2 et_pb_section et_section_regular et_block_section et_pb_section_parallax preset--module--divi-section--1d379d36-6e87-4020-b41a-74e7562d8037\"><span class=\"et-pb-parallax-wrapper\"><span class=\"et-pb-parallax-background et-pb-parallax-background-module--divi-section-2\" style=\"background-image:url(https:\/\/eager-lavender-albatross.xn--frkwebbureau-6cb.dk\/wp-content\/uploads\/2026\/02\/Samtale.png)\"><\/span><\/span>\n<div class=\"et_pb_row_2 et_pb_row et-vb-row--no-module et_block_row\">\n<div class=\"et_pb_column_3 et_pb_column et_pb_column_4_4 et-last-child et_block_column et_pb_column_empty et_pb_css_mix_blend_mode_passthrough\"><\/div>\n<\/div>\n<\/div>\n\n<div class=\"et_pb_section_3 et_pb_section et_section_regular et_block_section preset--module--divi-section--default\">\n<div class=\"et_pb_row_3 et_pb_row et_block_row\">\n<div class=\"et_pb_column_4 et_pb_column et_pb_column_4_4 et-last-child et_block_column et_pb_css_mix_blend_mode_passthrough\">\n<div class=\"et_pb_text_2 et_pb_text et_pb_bg_layout_light et_pb_module et_flex_module\"><div class=\"et_pb_text_inner\"><h2 data-path-to-node=\"22\">Derfor skal du v\u00e6lge mig som din f\u00f8dselsterapeut<\/h2>\n<p data-path-to-node=\"12\">Som person er jeg rolig, n\u00e6rv\u00e6rende og tillidsfuld. Jeg tager altid udgangspunkt i dig og dine \u00f8nsker, s\u00e5 vi sammen skaber et skr\u00e6ddersyet forl\u00f8b. Jeg tror p\u00e5, at en god f\u00f8dsel danner det bedste fundament for barnets fremtidige udvikling og en positiv start p\u00e5 for\u00e6ldreskabet.<\/p>\n<p data-path-to-node=\"12\">Med min st\u00f8tte f\u00e5r du hj\u00e6lp til at:<\/p>\n<\/div><\/div>\n<\/div>\n<\/div>\n\n<div class=\"et_pb_row_4 et_pb_row et_block_row\">\n<div class=\"et_pb_column_5 et_pb_column et_pb_column_1_3 et_block_column et_pb_css_mix_blend_mode_passthrough\">\n<div class=\"et_pb_blurb_0 et_pb_blurb et_pb_bg_layout_light et_pb_text_align_center et_pb_blurb_position_top et_pb_module et_block_module preset--module--divi-blurb--1808a1f7-3495-4d3a-ab6e-f3543cbecf7e\"><div class=\"et_pb_blurb_content\"><div class=\"et_pb_main_blurb_image\"><span class=\"et_pb_image_wrap\"><span class=\"et-pb-icon et-waypoint et_pb_animation_top et_pb_animation_top_tablet et_pb_animation_top_phone\">\uf164<\/span><\/span><\/div><div class=\"et_pb_blurb_container\"><h4 class=\"et_pb_module_header\">L\u00e6re teknikker<\/h4><div class=\"et_pb_blurb_description\"><p>Styrke din tro p\u00e5 din egen medf\u00f8dte f\u00f8dekraft gennem konkrete teknikker til effektiv smertelindring og kropslig mestring.<\/p>\n<\/div><\/div><\/div><\/div>\n<\/div>\n\n<div class=\"et_pb_column_6 et_pb_column et_pb_column_1_3 et_block_column et_pb_css_mix_blend_mode_passthrough\">\n<div class=\"et_pb_blurb_1 et_pb_blurb et_pb_bg_layout_light et_pb_text_align_center et_pb_blurb_position_top et_pb_module et_block_module preset--module--divi-blurb--1808a1f7-3495-4d3a-ab6e-f3543cbecf7e\"><div class=\"et_pb_blurb_content\"><div class=\"et_pb_main_blurb_image\"><span class=\"et_pb_image_wrap\"><span class=\"et-pb-icon et-waypoint et_pb_animation_top et_pb_animation_top_tablet et_pb_animation_top_phone\">\uf005<\/span><\/span><\/div><div class=\"et_pb_blurb_container\"><h4 class=\"et_pb_module_header\">Skabe egen f\u00f8deplan<\/h4><div class=\"et_pb_blurb_description\"><p>Skabe en individuel f\u00f8deplan, der sikrer, at dine \u00f8nsker og behov bliver h\u00f8rt og respekteret af din partner og hospitalspersonalet.<\/p>\n<\/div><\/div><\/div><\/div>\n<\/div>\n\n<div class=\"et_pb_column_7 et_pb_column et_pb_column_1_3 et-last-child et_block_column et_pb_css_mix_blend_mode_passthrough\">\n<div class=\"et_pb_blurb_2 et_pb_blurb et_pb_bg_layout_light et_pb_text_align_center et_pb_blurb_position_top et_pb_module et_block_module preset--module--divi-blurb--1808a1f7-3495-4d3a-ab6e-f3543cbecf7e\"><div class=\"et_pb_blurb_content\"><div class=\"et_pb_main_blurb_image\"><span class=\"et_pb_image_wrap\"><span class=\"et-pb-icon et-waypoint et_pb_animation_top et_pb_animation_top_tablet et_pb_animation_top_phone\">\uf004<\/span><\/span><\/div><div class=\"et_pb_blurb_container\"><h4 class=\"et_pb_module_header\">Bearbejde tanker og f\u00f8lelser<\/h4><div class=\"et_pb_blurb_description\"><p>Udforske og bearbejde dine personlige tanker, dr\u00f8mme og bekymringer, s\u00e5 de ikke skygger for gl\u00e6den ved din kommende f\u00f8dsel.<\/p>\n<\/div><\/div><\/div><\/div>\n<\/div>\n<\/div>\n<\/div>\n\n<div class=\"et_pb_section_4 et_pb_section et_section_regular et_block_section section_has_divider et_pb_top_divider preset--module--divi-section--default\"><div class=\"et_pb_top_inside_divider et-no-transition\"><\/div>\n<div class=\"et_pb_row_5 et_pb_row et_grid_row\">\n<div class=\"et_pb_column_8 et_pb_column et_block_column et_pb_css_mix_blend_mode_passthrough\">\n<div class=\"et_pb_image_1 et_pb_image et_pb_module et_block_module\"><span class=\"et_pb_image_wrap\"><img loading=\"lazy\" decoding=\"async\" src=\"https:\/\/eager-lavender-albatross.xn--frkwebbureau-6cb.dk\/wp-content\/uploads\/2026\/02\/Samtale-smal-scaled.jpg\" title=\"Sarah\" width=\"1707\" height=\"2560\" srcset=\"https:\/\/eager-lavender-albatross.xn--frkwebbureau-6cb.dk\/wp-content\/uploads\/2026\/02\/Samtale-smal-scaled.jpg 1707w, https:\/\/eager-lavender-albatross.xn--frkwebbureau-6cb.dk\/wp-content\/uploads\/2026\/02\/Samtale-smal-1280x1920.jpg 1280w, https:\/\/eager-lavender-albatross.xn--frkwebbureau-6cb.dk\/wp-content\/uploads\/2026\/02\/Samtale-smal-980x1470.jpg 980w, https:\/\/eager-lavender-albatross.xn--frkwebbureau-6cb.dk\/wp-content\/uploads\/2026\/02\/Samtale-smal-480x720.jpg 480w\" sizes=\"(min-width: 0px) and (max-width: 480px) 480px, (min-width: 481px) and (max-width: 980px) 980px, (min-width: 981px) and (max-width: 1280px) 1280px, (min-width: 1281px) 1707px, 100vw\" class=\"wp-image-419\" \/><\/span><\/div>\n<\/div>\n\n<div class=\"et_pb_column_9 et_pb_column et-last-child et_block_column et_pb_css_mix_blend_mode_passthrough\">\n<div class=\"et_pb_text_3 et_pb_text et_pb_bg_layout_light et_pb_module et_block_module preset--module--divi-text--de854b54-3b74-47fc-8dc5-52a7568358d8\"><div class=\"et_pb_text_inner\"><h3 data-path-to-node=\"11\">Min baggrund og erfaring<\/h3>\n<p data-path-to-node=\"19\">Min rejse startede i 2015 som psykomotorisk terapeut, hvor jeg fik \u00f8jnene op for v\u00e6rdien af at st\u00f8tte gravide og nybagte m\u00f8dre. I 2019 skabte jeg \"Krop, ro og balance\", hvor jeg som mass\u00f8r og behandler m\u00f8dte mange kvinder, der manglede den rette forberedelse til f\u00f8dslen.<\/p>\n<p data-path-to-node=\"20\">Det var en klient, der endelig gav mig skubbet: \"Du ville v\u00e6re en fantastisk doula!\". Det t\u00e6ndte en flamme i mig, og jeg vidste med det samme, at min rette vej var som f\u00f8dselsterapeut. Jeg fuldendte min uddannelse i 2021 og grundlagde \u00e5ret efter F\u00f8dselsterapeuten i Randers. I dag er det min store passion at v\u00e6re den faste st\u00f8tte og vejleder for kommende og nybagte for\u00e6ldre i det meste af \u00d8stjylland og Nordjylland.<\/p>\n<\/div><\/div>\n\n<div class=\"et_pb_module et_pb_button_module_wrapper et_pb_button_2_wrapper preset--module--divi-button--8c93e6c9-23ae-4ce7-a77a-47f87237d65e_wrapper\"><a class=\"et_pb_button_2 et_pb_button et_pb_bg_layout_light et_pb_module et_block_module preset--module--divi-button--8c93e6c9-23ae-4ce7-a77a-47f87237d65e\" href=\"\" data-icon=\"$\" data-interaction-trigger=\"5tyv2yo6zp\">Book en aftale<\/a><\/div>\n<\/div>\n<\/div>\n<\/div>","protected":false},"excerpt":{"rendered":"<p>Som din f\u00f8dselsterapeut tilbyder jeg omsorgsfuld st\u00f8tte f\u00f8r, under og efter f\u00f8dslen i \u00d8stjylland og Nordjylland. Jeg arbejder med b\u00e5de krop og sind for at skabe ro, tryghed og balance i en af livets mest skels\u00e6ttende overgange. Hos mig bliver du m\u00f8dt med n\u00e6rv\u00e6r \u2013 pr\u00e6cis der, hvor du er.<\/p>\n","protected":false},"author":1,"featured_media":57,"parent":0,"menu_order":0,"comment_status":"closed","ping_status":"closed","template":"","meta":{"footnotes":""},"categories":[],"tags":[],"class_list":["post-10","page","type-page","status-publish","has-post-thumbnail","hentry"],"aioseo_notices":[],"dsm_author":{"name":"admin","avatar_url":"https:\/\/secure.gravatar.com\/avatar\/340f7df8e2795f11513cb1d9e886b8aea73201abf8c72a46d6f6fc6d02b8d5c4?s=96&d=mm&r=g","archive_link":"https:\/\/eager-lavender-albatross.xn--frkwebbureau-6cb.dk\/index.php\/author\/faerkwebbureau\/","biodata":""},"dsm_categories":[],"dsm_attachment_categories":[],"dsm_featured_image":{"thumbnail":"https:\/\/eager-lavender-albatross.xn--frkwebbureau-6cb.dk\/wp-content\/uploads\/2026\/02\/Profilbillede_transparent-150x150.png","medium":"https:\/\/eager-lavender-albatross.xn--frkwebbureau-6cb.dk\/wp-content\/uploads\/2026\/02\/Profilbillede_transparent-183x300.png","medium_large":"https:\/\/eager-lavender-albatross.xn--frkwebbureau-6cb.dk\/wp-content\/uploads\/2026\/02\/Profilbillede_transparent-768x1257.png","large":"https:\/\/eager-lavender-albatross.xn--frkwebbureau-6cb.dk\/wp-content\/uploads\/2026\/02\/Profilbillede_transparent-626x1024.png","1536x1536":"https:\/\/eager-lavender-albatross.xn--frkwebbureau-6cb.dk\/wp-content\/uploads\/2026\/02\/Profilbillede_transparent-939x1536.png","2048x2048":"https:\/\/eager-lavender-albatross.xn--frkwebbureau-6cb.dk\/wp-content\/uploads\/2026\/02\/Profilbillede_transparent-1252x2048.png","et-pb-post-main-image":"https:\/\/eager-lavender-albatross.xn--frkwebbureau-6cb.dk\/wp-content\/uploads\/2026\/02\/Profilbillede_transparent-400x250.png","et-pb-post-main-image-fullwidth":"https:\/\/eager-lavender-albatross.xn--frkwebbureau-6cb.dk\/wp-content\/uploads\/2026\/02\/Profilbillede_transparent-1080x675.png","et-pb-portfolio-image":"https:\/\/eager-lavender-albatross.xn--frkwebbureau-6cb.dk\/wp-content\/uploads\/2026\/02\/Profilbillede_transparent-400x284.png","et-pb-portfolio-module-image":"https:\/\/eager-lavender-albatross.xn--frkwebbureau-6cb.dk\/wp-content\/uploads\/2026\/02\/Profilbillede_transparent-510x382.png","et-pb-portfolio-image-single":"https:\/\/eager-lavender-albatross.xn--frkwebbureau-6cb.dk\/wp-content\/uploads\/2026\/02\/Profilbillede_transparent-1080x1767.png","et-pb-gallery-module-image-portrait":"https:\/\/eager-lavender-albatross.xn--frkwebbureau-6cb.dk\/wp-content\/uploads\/2026\/02\/Profilbillede_transparent-400x516.png","et-pb-post-main-image-fullwidth-large":"https:\/\/eager-lavender-albatross.xn--frkwebbureau-6cb.dk\/wp-content\/uploads\/2026\/02\/Profilbillede_transparent-1995x1800.png","et-pb-image--responsive--desktop":"https:\/\/eager-lavender-albatross.xn--frkwebbureau-6cb.dk\/wp-content\/uploads\/2026\/02\/Profilbillede_transparent-1280x2094.png","et-pb-image--responsive--tablet":"https:\/\/eager-lavender-albatross.xn--frkwebbureau-6cb.dk\/wp-content\/uploads\/2026\/02\/Profilbillede_transparent-980x1603.png","et-pb-image--responsive--phone":"https:\/\/eager-lavender-albatross.xn--frkwebbureau-6cb.dk\/wp-content\/uploads\/2026\/02\/Profilbillede_transparent-480x785.png","full":"https:\/\/eager-lavender-albatross.xn--frkwebbureau-6cb.dk\/wp-content\/uploads\/2026\/02\/Profilbillede_transparent-scaled.png"},"_links":{"self":[{"href":"https:\/\/eager-lavender-albatross.xn--frkwebbureau-6cb.dk\/index.php\/wp-json\/wp\/v2\/pages\/10","targetHints":{"allow":["GET"]}}],"collection":[{"href":"https:\/\/eager-lavender-albatross.xn--frkwebbureau-6cb.dk\/index.php\/wp-json\/wp\/v2\/pages"}],"about":[{"href":"https:\/\/eager-lavender-albatross.xn--frkwebbureau-6cb.dk\/index.php\/wp-json\/wp\/v2\/types\/page"}],"author":[{"embeddable":true,"href":"https:\/\/eager-lavender-albatross.xn--frkwebbureau-6cb.dk\/index.php\/wp-json\/wp\/v2\/users\/1"}],"replies":[{"embeddable":true,"href":"https:\/\/eager-lavender-albatross.xn--frkwebbureau-6cb.dk\/index.php\/wp-json\/wp\/v2\/comments?post=10"}],"version-history":[{"count":19,"href":"https:\/\/eager-lavender-albatross.xn--frkwebbureau-6cb.dk\/index.php\/wp-json\/wp\/v2\/pages\/10\/revisions"}],"predecessor-version":[{"id":221081,"href":"https:\/\/eager-lavender-albatross.xn--frkwebbureau-6cb.dk\/index.php\/wp-json\/wp\/v2\/pages\/10\/revisions\/221081"}],"wp:featuredmedia":[{"embeddable":true,"href":"https:\/\/eager-lavender-albatross.xn--frkwebbureau-6cb.dk\/index.php\/wp-json\/wp\/v2\/media\/57"}],"wp:attachment":[{"href":"https:\/\/eager-lavender-albatross.xn--frkwebbureau-6cb.dk\/index.php\/wp-json\/wp\/v2\/media?parent=10"}],"wp:term":[{"taxonomy":"category","embeddable":true,"href":"https:\/\/eager-lavender-albatross.xn--frkwebbureau-6cb.dk\/index.php\/wp-json\/wp\/v2\/categories?post=10"},{"taxonomy":"post_tag","embeddable":true,"href":"https:\/\/eager-lavender-albatross.xn--frkwebbureau-6cb.dk\/index.php\/wp-json\/wp\/v2\/tags?post=10"}],"curies":[{"name":"wp","href":"https:\/\/api.w.org\/{rel}","templated":true}]}}