{"id":323,"date":"2026-02-20T12:04:22","date_gmt":"2026-02-20T12:04:22","guid":{"rendered":"https:\/\/eager-lavender-albatross.xn--frkwebbureau-6cb.dk\/?page_id=323"},"modified":"2026-04-03T19:45:44","modified_gmt":"2026-04-03T19:45:44","slug":"rebozo-massage","status":"publish","type":"page","link":"https:\/\/eager-lavender-albatross.xn--frkwebbureau-6cb.dk\/index.php\/rebozo-massage\/","title":{"rendered":"Oplev ro og lindring med rebozo massage"},"content":{"rendered":"\n<div style=\"height:100px\" aria-hidden=\"true\" class=\"wp-block-spacer\"><\/div>\n\n\n\n<div class=\"wp-block-media-text has-media-on-the-right is-stacked-on-mobile is-image-fill-element service-row has-background\" style=\"background-color:#e5e1df;grid-template-columns:auto 36%\"><div class=\"wp-block-media-text__content\">\n<div style=\"height:50px\" aria-hidden=\"true\" class=\"wp-block-spacer\"><\/div>\n\n\n\n<h2 class=\"wp-block-heading\">Rebozo massage: En n\u00e6rv\u00e6rende og lindrende behandling til gravide<\/h2>\n\n\n\n<p>Rebozo massage er en \u00e6ldgammel mexicansk teknik, der vinder mere og mere frem herhjemme p\u00e5 grund af sin unikke evne til at skabe dyb afsp\u00e6nding og plads i b\u00e6kkenet. Ved hj\u00e6lp af et langt, v\u00e6vet t\u00f8rkl\u00e6de (en rebozo) udf\u00f8rer jeg blide, vuggende bev\u00e6gelser, som hj\u00e6lper din krop med at give slip p\u00e5 sp\u00e6ndinger og finde ind i en tilstand af ro.<\/p>\n\n\n\n<div style=\"height:50px\" aria-hidden=\"true\" class=\"wp-block-spacer\"><\/div>\n<\/div><figure  class=\"wp-block-media-text__media\"><img loading=\"lazy\" decoding=\"async\" width=\"1000\" height=\"1000\" alt=\"\" src=\"https:\/\/eager-lavender-albatross.xn--frkwebbureau-6cb.dk\/wp-content\/uploads\/2026\/02\/3-1.png\" style=\"object-position:63% 31%;\" class=\"wp-image-325 size-full\" srcset=\"https:\/\/eager-lavender-albatross.xn--frkwebbureau-6cb.dk\/wp-content\/uploads\/2026\/02\/3-1.png 1000w, https:\/\/eager-lavender-albatross.xn--frkwebbureau-6cb.dk\/wp-content\/uploads\/2026\/02\/3-1-980x980.png 980w, https:\/\/eager-lavender-albatross.xn--frkwebbureau-6cb.dk\/wp-content\/uploads\/2026\/02\/3-1-480x480.png 480w\" sizes=\"(min-width: 0px) and (max-width: 480px) 480px, (min-width: 481px) and (max-width: 980px) 980px, (min-width: 981px) 1000px, 100vw\" \/><\/figure><\/div>\n\n\n\n<div style=\"height:100px\" aria-hidden=\"true\" class=\"wp-block-spacer\"><\/div>\n\n\n\n<div class=\"wp-block-columns is-layout-flex wp-container-core-columns-is-layout-9d6595d7 wp-block-columns-is-layout-flex\">\n<div class=\"wp-block-column is-layout-flow wp-block-column-is-layout-flow\">\n<h2 class=\"wp-block-heading\">Fordele ved rebozo massage under din graviditet<\/h2>\n\n\n\n<p>N\u00e5r du modtager rebozo massage, arbejder vi med din krops naturlige tyngdekraft. De rytmiske bev\u00e6gelser l\u00f8sner op for ligamenter og muskler omkring livmoderen, hvilket kan give baby bedre plads til at indstille sig korrekt i b\u00e6kkenet. Det er en utrolig sk\u00e5nsom metode, der er s\u00e6rligt velegnet til dig, som \u00f8nsker en mere intuitiv og beroligende form for kropsbehandling.<\/p>\n\n\n\n<p>Teknikken er effektiv til mange form\u00e5l, herunder:<\/p>\n\n\n\n<ul class=\"wp-block-list\">\n<li>Hj\u00e6lp til at f\u00e5 baby til at l\u00e6gge sig godt til rette f\u00f8r f\u00f8dslen.<\/li>\n\n\n\n<li>Lindring af b\u00e6kkensmerter og sp\u00e6ndinger i l\u00e6nden.<\/li>\n\n\n\n<li>Afsp\u00e6nding af de dybe mavemuskler og ligamenter.<\/li>\n\n\n\n<li>Reduktion af stress og aktivering af det beroligende nervesystem.<\/li>\n<\/ul>\n<\/div>\n\n\n\n<div class=\"wp-block-column is-layout-flow wp-block-column-is-layout-flow\">\n<h2 class=\"wp-block-heading\">Book din rebozo massage som hjemmebes\u00f8g<\/h2>\n\n\n\n<p>Jeg tilbyder rebozo massage i dit eget hjem i Randers, Silkeborg, Aalborg og de omkringliggende kommuner. Da behandlingen foreg\u00e5r p\u00e5 dine pr\u00e6misser i vante omgivelser, kan du efterf\u00f8lgende blive liggende og lade de beroligende vibrationer arbejde videre i kroppen. Jeg medbringer selv de n\u00f8dvendige rebozo-t\u00f8rkl\u00e6der og udstyr.<\/p>\n\n\n\n<p>Er du nysgerrig p\u00e5, hvordan de vuggende bev\u00e6gelser kan hj\u00e6lpe dig og din baby? Du kan nemt booke en tid til rebozo massage via min online formular eller kontakte mig for en uforpligtende samtale om dine behov.<\/p>\n<\/div>\n<\/div>\n","protected":false},"excerpt":{"rendered":"<p>Rebozo massage er en mild og effektiv teknik til gravide, der \u00f8nsker lindring af sp\u00e6ndinger og en bedre kontakt til kroppen. Ved hj\u00e6lp af blide, vuggende bev\u00e6gelser med det traditionelle t\u00f8rkl\u00e6de hj\u00e6lper jeg din krop med at give slip p\u00e5 tyngden og skabe mere plads i b\u00e6kkenet til din baby. F\u00e5 behandlingen hjemme hos dig selv i trygge rammer, s\u00e5 du kan blive liggende i roen bagefter.<\/p>\n","protected":false},"author":1,"featured_media":325,"parent":0,"menu_order":0,"comment_status":"closed","ping_status":"closed","template":"","meta":{"footnotes":""},"categories":[30],"tags":[12,11,14,13,7,9,10,8],"class_list":["post-323","page","type-page","status-publish","has-post-thumbnail","hentry","category-rebozo-massage","tag-afspaending","tag-foedestillinger","tag-foedselsforberedelse","tag-gratis-forsamtale","tag-hjemmefoedsel","tag-hospitalsfoedsel","tag-mental-forberedelse","tag-tryg-foedsel"],"aioseo_notices":[],"dsm_author":{"name":"admin","avatar_url":"https:\/\/secure.gravatar.com\/avatar\/340f7df8e2795f11513cb1d9e886b8aea73201abf8c72a46d6f6fc6d02b8d5c4?s=96&d=mm&r=g","archive_link":"https:\/\/eager-lavender-albatross.xn--frkwebbureau-6cb.dk\/index.php\/author\/faerkwebbureau\/","biodata":""},"dsm_categories":[],"dsm_attachment_categories":[],"dsm_featured_image":{"thumbnail":"https:\/\/eager-lavender-albatross.xn--frkwebbureau-6cb.dk\/wp-content\/uploads\/2026\/02\/3-1-150x150.png","medium":"https:\/\/eager-lavender-albatross.xn--frkwebbureau-6cb.dk\/wp-content\/uploads\/2026\/02\/3-1-300x300.png","medium_large":"https:\/\/eager-lavender-albatross.xn--frkwebbureau-6cb.dk\/wp-content\/uploads\/2026\/02\/3-1-768x768.png","large":"https:\/\/eager-lavender-albatross.xn--frkwebbureau-6cb.dk\/wp-content\/uploads\/2026\/02\/3-1.png","1536x1536":"https:\/\/eager-lavender-albatross.xn--frkwebbureau-6cb.dk\/wp-content\/uploads\/2026\/02\/3-1.png","2048x2048":"https:\/\/eager-lavender-albatross.xn--frkwebbureau-6cb.dk\/wp-content\/uploads\/2026\/02\/3-1.png","et-pb-post-main-image":"https:\/\/eager-lavender-albatross.xn--frkwebbureau-6cb.dk\/wp-content\/uploads\/2026\/02\/3-1-400x250.png","et-pb-post-main-image-fullwidth":"https:\/\/eager-lavender-albatross.xn--frkwebbureau-6cb.dk\/wp-content\/uploads\/2026\/02\/3-1-1000x675.png","et-pb-portfolio-image":"https:\/\/eager-lavender-albatross.xn--frkwebbureau-6cb.dk\/wp-content\/uploads\/2026\/02\/3-1-400x284.png","et-pb-portfolio-module-image":"https:\/\/eager-lavender-albatross.xn--frkwebbureau-6cb.dk\/wp-content\/uploads\/2026\/02\/3-1-510x382.png","et-pb-portfolio-image-single":"https:\/\/eager-lavender-albatross.xn--frkwebbureau-6cb.dk\/wp-content\/uploads\/2026\/02\/3-1.png","et-pb-gallery-module-image-portrait":"https:\/\/eager-lavender-albatross.xn--frkwebbureau-6cb.dk\/wp-content\/uploads\/2026\/02\/3-1-400x516.png","et-pb-post-main-image-fullwidth-large":"https:\/\/eager-lavender-albatross.xn--frkwebbureau-6cb.dk\/wp-content\/uploads\/2026\/02\/3-1.png","et-pb-image--responsive--desktop":"https:\/\/eager-lavender-albatross.xn--frkwebbureau-6cb.dk\/wp-content\/uploads\/2026\/02\/3-1.png","et-pb-image--responsive--tablet":"https:\/\/eager-lavender-albatross.xn--frkwebbureau-6cb.dk\/wp-content\/uploads\/2026\/02\/3-1-980x980.png","et-pb-image--responsive--phone":"https:\/\/eager-lavender-albatross.xn--frkwebbureau-6cb.dk\/wp-content\/uploads\/2026\/02\/3-1-480x480.png","full":"https:\/\/eager-lavender-albatross.xn--frkwebbureau-6cb.dk\/wp-content\/uploads\/2026\/02\/3-1.png"},"_links":{"self":[{"href":"https:\/\/eager-lavender-albatross.xn--frkwebbureau-6cb.dk\/index.php\/wp-json\/wp\/v2\/pages\/323","targetHints":{"allow":["GET"]}}],"collection":[{"href":"https:\/\/eager-lavender-albatross.xn--frkwebbureau-6cb.dk\/index.php\/wp-json\/wp\/v2\/pages"}],"about":[{"href":"https:\/\/eager-lavender-albatross.xn--frkwebbureau-6cb.dk\/index.php\/wp-json\/wp\/v2\/types\/page"}],"author":[{"embeddable":true,"href":"https:\/\/eager-lavender-albatross.xn--frkwebbureau-6cb.dk\/index.php\/wp-json\/wp\/v2\/users\/1"}],"replies":[{"embeddable":true,"href":"https:\/\/eager-lavender-albatross.xn--frkwebbureau-6cb.dk\/index.php\/wp-json\/wp\/v2\/comments?post=323"}],"version-history":[{"count":3,"href":"https:\/\/eager-lavender-albatross.xn--frkwebbureau-6cb.dk\/index.php\/wp-json\/wp\/v2\/pages\/323\/revisions"}],"predecessor-version":[{"id":328,"href":"https:\/\/eager-lavender-albatross.xn--frkwebbureau-6cb.dk\/index.php\/wp-json\/wp\/v2\/pages\/323\/revisions\/328"}],"wp:featuredmedia":[{"embeddable":true,"href":"https:\/\/eager-lavender-albatross.xn--frkwebbureau-6cb.dk\/index.php\/wp-json\/wp\/v2\/media\/325"}],"wp:attachment":[{"href":"https:\/\/eager-lavender-albatross.xn--frkwebbureau-6cb.dk\/index.php\/wp-json\/wp\/v2\/media?parent=323"}],"wp:term":[{"taxonomy":"category","embeddable":true,"href":"https:\/\/eager-lavender-albatross.xn--frkwebbureau-6cb.dk\/index.php\/wp-json\/wp\/v2\/categories?post=323"},{"taxonomy":"post_tag","embeddable":true,"href":"https:\/\/eager-lavender-albatross.xn--frkwebbureau-6cb.dk\/index.php\/wp-json\/wp\/v2\/tags?post=323"}],"curies":[{"name":"wp","href":"https:\/\/api.w.org\/{rel}","templated":true}]}}